6*u - 242479 - 1597951 = -426878. What are the prime factors of u?
2, 3, 7, 601
Let f(y) be the first derivative of -3*y**2/2 - 15*y + 26. Let u be f(-4). What are the prime factors of 1/u + (-1072)/(-12)?
89
Let h be 506 - 2/(3 + -1). Suppose -h = -11*d + 144. Suppose 4*z = 341 + d. What are the prime factors of z?
2, 5
Suppose 5*d = 3*q + 279 + 2, -4*q = d - 70. Suppose 3*g = 1 - 7, 0 = -5*w + 3*g + 896. Suppose -5*k = -w + d. List the prime factors of k.
2, 3
Let d(y) = 138*y - 57. Let k = 192 + -188. What are the prime factors of d(k)?
3, 5, 11
Suppose 0*u - 2*a = 3*u - 118, 4*a = -u + 36. Let o = 102 - u. Suppose -20 + o = 6*n. What are the prime factors of n?
7
Let r be 2/(-4)*5*(320 - -16). Let x = r - -1290. What are the prime factors of x?
2, 3, 5
Suppose 5*w - 3*w = -8. Let z be -3 - (w - 20)/3. Suppose z*j + 3*p = -106 + 421, j + 2*p - 56 = 0. What are the prime factors of j?
2, 3, 11
Let u be ((0*(-4)/(-12))/(-5))/2. Suppose -503*p + 510*p - 8624 = u. What are the prime factors of p?
2, 7, 11
Let c(b) be the third derivative of -b**5/60 - b**4/12 - b**3 - 2*b**2. Let x be c(0). What are the prime factors of (x - (0 + -3)) + 4 + 1?
2
Suppose -45*r - 325*r - 53*r = -23873697. List the prime factors of r.
3, 6271
Let x be (-2 - -5)*12/4. Suppose 0 = 4*r + 9*m - 8*m - 21, -2*r = -m - x. Suppose -4*o - 5*q + 982 = 0, -r*o - 4*q + 1246 = -7*q. List the prime factors of o.
2, 31
Let o be (1*-1)/(((-28)/(-91))/4). Let q(n) = -35*n + 23. List the prime factors of q(o).
2, 239
Suppose -2*v + 3*i - 5 = 0, -3*i + 7 = -v - 0*i. Suppose v*z - 159 = -5*y, 3*y - 2*z - 114 = 3*z. Suppose -41*q + y*q = -1840. List the prime factors of q.
2, 5, 23
Let o(b) = b**2 + 19*b - 20. Let t be o(-20). Let a be -83 - (-1 + -1 + t). Let i = -7 - a. What are the prime factors of i?
2, 37
Let u(h) = -13 + 185*h**2 + 3 + 6*h + 11 - 3. What are the prime factors of u(1)?
3, 7
Suppose -4*p - 1 = i - p, p + 7 = i. Suppose 0 = 3*k + 2*j - 1334, i*k = 9*j - 11*j + 2218. List the prime factors of k.
2, 13, 17
Let w(k) = 6*k - 4. Let q be w(0). List the prime factors of 1/(2/q)*-34*4.
2, 17
Suppose 68605 = 11*h - 91698. List the prime factors of h.
13, 19, 59
Suppose -8*x = -1877 - 15083. List the prime factors of ((-7)/4)/((-5)/x).
2, 7, 53
What are the prime factors of (-12)/18 - (-390)/45*3559?
2, 11, 701
Let m = 19281 + -9909. What are the prime factors of m?
2, 3, 11, 71
Suppose 17*w = -5*q + 20*w + 9085, -3*q + w = -5447. Suppose -3*l + q + 637 = 0. List the prime factors of l.
19, 43
List the prime factors of 46/(11 - 9)*(12 + 1).
13, 23
Let q = 14807 - 2042. List the prime factors of q.
3, 5, 23, 37
Let i(a) = 208*a**2 - 3*a - 3. Let l be (-2 - 8)*17/34. Let j(t) = -1. Let w(c) = l*j(c) + i(c). List the prime factors of w(1).
3, 23
Let f(l) = 6*l**2 - 9*l - 1. Let x be (2 + 1)/(-4 - 175/(-42)). Suppose 5*a + a + x = 0. List the prime factors of f(a).
2, 5
Suppose -2*n + 20676 = 5*a + 4102, 0 = 2*a + 2*n - 6632. List the prime factors of a.
2, 1657
Let g = -1737 - -1931. What are the prime factors of g?
2, 97
Let r = 240232 + -142445. What are the prime factors of r?
97787
Let r(b) be the first derivative of b**4/3 + b**3/3 + 5*b**2 - 5*b + 15. Let s(z) be the first derivative of r(z). List the prime factors of s(-5).
2, 5
Let o be -3 - (-5)/(15/462). Suppose g - 18 - 54 = c, -2*g = 5*c - o. List the prime factors of g.
73
List the prime factors of 2 + (11 - (13 + -5997)).
3, 1999
Let s(x) = -3*x**3 - 23*x**2 - 6*x - 18. Let o be s(-10). Suppose 3*j + 4*y = o, 5*y = j + 3*j - 1010. List the prime factors of j.
2, 5
Let y be 0 + -2*(-6)/2. Let x(j) = -2*j**2 - 13*j + 14. Let o(c) = -5*c**2 - 31*c + 32. Let d(r) = -3*o(r) + 7*x(r). List the prime factors of d(y).
2, 5
Suppose 4*k = 2*s - 532, 5*s + 4 = 2*k + 278. Let g = -41 + k. What are the prime factors of 16 - 12 - g*1?
3, 59
Let a = 62 - 53. Let r be 5/15*a + 0. What are the prime factors of 222/(-2 - (-4 + 1)) - r?
3, 73
Let a = 47 - 11. Let v = -40 + a. List the prime factors of 102 + v + -4 + 8.
2, 3, 17
Suppose -2*g + 25886 = 5*x, 2*g + 4*x - 356 - 25526 = 0. What are the prime factors of g?
3, 479
Let c(z) = z**3 - 6*z**2 + 5*z + 3. Let m be c(5). Suppose 0 = -u + 3*l + m, -2*u + 9 = u + 4*l. List the prime factors of 6 + 1390/15 + (-2)/u.
2, 7
Let z(x) = 52*x**3 + x + 1. Suppose -97*w = -113*w + 32. What are the prime factors of z(w)?
419
Suppose -4*i + o = -27, -2*i + 5*i - 33 = 5*o. List the prime factors of 4/(-12) + 1976/i.
7, 47
Let j(a) = -2*a + 7*a**2 - 7 + 29*a**2 - 2*a. Suppose 29*u + 34 + 24 = 0. List the prime factors of j(u).
5, 29
Let u be (-1408)/20 + 8/20. Let q(m) = -m**2 - 26*m - 10. Let g be q(-18). Let r = u + g. List the prime factors of r.
2
Suppose 543 + 72 = 5*x. Let a = -24 - x. Let i = a - -207. What are the prime factors of i?
2, 3, 5
Let m = -32864 - -57872. What are the prime factors of m?
2, 3, 521
Let q = 16 - 13. Suppose 0*s + 1113 = q*s - 5*u, -3*s - 3*u = -1137. What are the prime factors of s?
2, 47
Suppose 0*i + 3*i - 17 = 2*k, -4*i = -k - 16. Suppose 0 = -i*w + 4*o + 621 + 2764, -2*w - 5*o + 2272 = 0. List the prime factors of w.
3, 13, 29
What are the prime factors of -4 - -1 - (-1935 - 0/(-12))?
2, 3, 7, 23
What are the prime factors of 27 + -12 + -5 + 4245?
5, 23, 37
What are the prime factors of 356*(-8 + (-1)/(32/(-2520)))?
89, 283
Let k = 24 - 69. Let f = k + 47. Suppose -53 + 19 = -f*b + 2*p, -b + 8 = 2*p. What are the prime factors of b?
2, 7
Suppose -105 = -5*q - 80. Suppose -2*b = -4*d + 1040, 4*b - 2*b - 1300 = -q*d. What are the prime factors of d?
2, 5, 13
Let f = -37 + 75. Let d(n) = -f*n + 69*n - 2 + 110*n**2 - 33*n. List the prime factors of d(-1).
2, 5, 11
Let a = -33 + 29. Let k be (-2)/5 - (a - (-2)/(-5)). Suppose 148 + k = 2*w. List the prime factors of w.
2, 19
Let u(b) = -7*b - 43. Let z be u(-6). Let g be (-836)/(-110) + ((-16)/10 - z). Let v(t) = 4*t**2 - 13*t + 6. List the prime factors of v(g).
3, 37
Let t(p) = 6*p + 66. Let w be t(-12). List the prime factors of (-298)/2*-3 + w + 4.
5, 89
Let b be 3/2*16 - -1. Let v be b/(-4)*(16/(-4) - 8). Let u = 250 - v. List the prime factors of u.
5, 7
Let x(v) = -22*v**2 - 760*v - 26. What are the prime factors of x(-30)?
2, 1487
Let y = 199 + -197. Suppose 2*d - 2253 = -y*d - 3*t, 2*t + 2238 = 4*d. What are the prime factors of d?
3, 11, 17
Suppose -832 + 122 = 10*t. Let b = 401 + t. What are the prime factors of b?
2, 3, 5, 11
Let q(h) = 84*h + 7198. List the prime factors of q(0).
2, 59, 61
List the prime factors of ((-5775)/308*2/(-5))/(3/17964).
2, 3, 5, 499
Suppose -108*d + 3728196 = 566604. What are the prime factors of d?
2, 3, 7, 17, 41
Suppose 4*b + 4*j = 31228, -8823 - 14602 = -3*b - 5*j. List the prime factors of b.
5, 7, 223
What are the prime factors of (-18)/7*98/21*-404 + 6?
2, 3, 809
Let i = 26 - 23. Let k be ((-3)/(60/644) + i)*-5. Let n = 208 - k. List the prime factors of n.
2, 31
Let o = 172 + -165. What are the prime factors of 3615/o + 96/(-224)?
2, 3, 43
Suppose -2*b - 4*x - 86 = 0, -b + 4*x + 3 = 34. Let t = b + 157. Suppose -t - 122 = -2*i. What are the prime factors of i?
2, 3, 5
Suppose -38*g = -1050 - 774. List the prime factors of 5 + g/(-8) + 943.
2, 3, 157
Suppose 5*y + 25 = 0, 0 = 2*u - 84*y + 88*y - 51614. What are the prime factors of u?
11, 2347
Let o be (-5)/(-10) + (-7)/2. Let v be ((-1)/o + 1)*(5 - 2). Suppose -3*k + v*k - 82 = 0. What are the prime factors of k?
2, 41
Suppose -3*w + 23*a = 18*a - 43584, -3*w + 43584 = 3*a. List the prime factors of w.
2, 227
Let h = 22033 + -8350. What are the prime factors of h?
3, 4561
Let r = 240 + -236. Let f(s) = 148*s + 58. List the prime factors of f(r).
2, 5, 13
Suppose -5*y - 2 - 2213 = 5*w, -2*w = y + 885. Let x = -270 - w. Suppose 2*k = -v + 59, 3*v + 3*k - 2*k - x = 0. What are the prime factors of v?
3, 19
Let x = -8115 + 12191. What are the prime factors of x?
2, 1019
Suppose 3*j + 8490 = 3*y, 5662 = 2*y - 2*j + j. Suppose -4*m - 2*h = -h - y, -h = 2*m - 1418. List the prime factors of m.
7, 101
Suppose -26*p - 310650 = -83*p. List the prime factors of p.
2, 5, 109
Let g = 1103 + 8079. List the prime factors of g.
2, 4591
Let i(j) = j**2 + 21*j + 3. Suppose 10*h - 14 = -174. Let b be i(h). Let y = b - -102. List 